{"id":10,"date":"2025-03-14T09:48:19","date_gmt":"2025-03-14T09:48:19","guid":{"rendered":"https:\/\/szachowewakacje.org\/?page_id=10"},"modified":"2026-02-26T13:13:37","modified_gmt":"2026-02-26T13:13:37","slug":"komunikat-obozu-2025","status":"publish","type":"page","link":"https:\/\/szachowewakacje.org\/","title":{"rendered":"Komunikat Obozu 2026"},"content":{"rendered":"\n<p><\/p>\n\n\n\n<p><strong>KOMUNIKAT OBOZU SZACHOWEGO<br>Jastrz\u0119bia G\u00f3ra, 27.06-04.07.2026 r.<\/strong><\/p>\n\n\n\n<p><strong>I. Organizator:&nbsp;<\/strong>GKSz Debiut D\u0142ugo\u0142\u0119ka<\/p>\n\n\n\n<p><strong>II. Termin: 27.06-04.07.2026 r.<\/strong><br>Przyjazd w dniu 27.06.2026 r. oko\u0142o godziny 18:00<br>(wy\u017cywienie od kolacji 27.06.2026 r. do \u015bniadania w dniu 4.07.2026 r.<br>Na podr\u00f3\u017c ka\u017cdy otrzyma suchy prowiant wyjazd do godziny 11:00).<\/p>\n\n\n\n<p><strong>III. Miejsce:<\/strong><br>Zakwaterowanie i wy\u017cywienie DW VIS Jastrz\u0119bia G\u00f3ra<br>ul. Kr\u00f3lewska 13 84-104 Jastrz\u0119bia G\u00f3ra http:\/\/www.visjastrzebia.pl\/<\/p>\n\n\n\n<p><strong>IV. Warunki uczestnictwa:<\/strong><\/p>\n\n\n\n<ul class=\"wp-block-list\">\n<li>wys\u0142anie zg\u0142oszenia na adres: obozszachowy.debiut@gmail.com.<\/li>\n\n\n\n<li>wp\u0142ata zadatku w wysoko\u015bci 400 z\u0142 na konto organizatora do dnia 15.05.2026 r.<\/li>\n\n\n\n<li>przes\u0142anie skanu karty obozowej do dnia 9.06.2026 r. na adres:<br>obozszachowy.debiut@gmail.com<br>W obozie mog\u0105 uczestniczy\u0107 dzieci od 6 roku \u017cycia.<\/li>\n<\/ul>\n\n\n\n<p><strong>V. Zaj\u0119cia:<\/strong><br>Podczas obozu przeprowadzone zostanie szkolenie szachowe w grupach dobranych pod wzgl\u0119dem si\u0142y gry. Ka\u017cdy uczestnik obozu we\u017amie r\u00f3wnie\u017c udzia\u0142 w turnieju szachowym.<\/p>\n\n\n\n<p><strong>VI. Warunki finansowe:<\/strong><br>Koszt udzia\u0142u w obozie szachowym 2190 z\u0142 (wliczaj\u0105c zadatek) nale\u017cy op\u0142aci\u0107 przelewem do dnia 09 czerwca 2026 r. na konto:<br>BNP Paribas 98 1600 1433 1885 3667 6000 0001 GKSz Debiut D\u0142ugo\u0142\u0119ka \u2013 z dopiskiem Ob\u00f3z oraz imi\u0119 i nazwisko dziecka.<\/p>\n\n\n\n<p>Koszt obozu obejmuje:<\/p>\n\n\n\n<ul class=\"wp-block-list\">\n<li>zakwaterowanie i wy\u017cywienie (3 posi\u0142ki)<\/li>\n\n\n\n<li>udzia\u0142 w turnieju szachowym dla junior\u00f3w o Puchar Domu Wczasowego ViS<\/li>\n\n\n\n<li>zaj\u0119cia szachowe<\/li>\n\n\n\n<li>opiek\u0119 medyczn\u0105<\/li>\n\n\n\n<li>opiek\u0119 instruktorsk\u0105 i wychowawcz\u0105<\/li>\n\n\n\n<li>wycieczk\u0119 autokarow\u0105<\/li>\n\n\n\n<li>koszulk\u0119 obozow\u0105<\/li>\n\n\n\n<li>ubezpieczenie NNW<\/li>\n<\/ul>\n\n\n\n<p>Koszt obozu nie obejmuje transportu \u2013 z Wroc\u0142awia planowany jest przejazd do W\u0142adys\u0142awowa albo Gdyni poci\u0105giem, nast\u0119pnie wynaj\u0119tym autokarem do Jastrz\u0119biej G\u00f3ry. Koszt zostanie ustalony po podaniu ostatecznych cen przez PKP.<\/p>\n\n\n\n<p><strong>VII. Kontakt:<\/strong><br>e-mail: obozszachowy.debiut@gmail.com,<br>tel. Piotr Klukiewicz: 724-232-138 (po godz. 19).<\/p>\n\n\n\n<h2 class=\"wp-block-heading\"><\/h2>\n\n\n\n<figure class=\"wp-block-image size-large\"><img loading=\"lazy\" decoding=\"async\" width=\"1024\" height=\"512\" src=\"http:\/\/szachowewakacje.org\/wp-content\/uploads\/2026\/02\/Vibrant-Sunset-Chess-Camp-Banner-1024x512.png\" alt=\"\" class=\"wp-image-37\" srcset=\"https:\/\/szachowewakacje.org\/wp-content\/uploads\/2026\/02\/Vibrant-Sunset-Chess-Camp-Banner-1024x512.png 1024w, https:\/\/szachowewakacje.org\/wp-content\/uploads\/2026\/02\/Vibrant-Sunset-Chess-Camp-Banner-300x150.png 300w, https:\/\/szachowewakacje.org\/wp-content\/uploads\/2026\/02\/Vibrant-Sunset-Chess-Camp-Banner-768x384.png 768w, https:\/\/szachowewakacje.org\/wp-content\/uploads\/2026\/02\/Vibrant-Sunset-Chess-Camp-Banner-1536x768.png 1536w, https:\/\/szachowewakacje.org\/wp-content\/uploads\/2026\/02\/Vibrant-Sunset-Chess-Camp-Banner-2048x1024.png 2048w\" sizes=\"auto, (max-width: 1024px) 100vw, 1024px\" \/><\/figure>\n","protected":false},"excerpt":{"rendered":"<p>KOMUNIKAT OBOZU SZACHOWEGOJastrz\u0119bia G\u00f3ra, 27.06-04.07.2026 r. I. Organizator:&nbsp;GKSz Debiut D\u0142ugo\u0142\u0119ka II. Termin: 27.06-04.07.2026 r.Przyjazd w dniu 27.06.2026 r. oko\u0142o godziny 18:00(wy\u017cywienie od kolacji 27.06.2026 r. do \u015bniadania w dniu 4.07.2026 r.Na podr\u00f3\u017c ka\u017cdy otrzyma suchy prowiant wyjazd do godziny 11:00). III. Miejsce:Zakwaterowanie i wy\u017cywienie DW VIS Jastrz\u0119bia G\u00f3raul. Kr\u00f3lewska 13 84-104 Jastrz\u0119bia G\u00f3ra http:\/\/www.visjastrzebia.pl\/ IV. &#8230; <a title=\"Komunikat Obozu 2026\" class=\"read-more\" href=\"https:\/\/szachowewakacje.org\/\" aria-label=\"Read more about Komunikat Obozu 2026\">Dowiedz si\u0119 wi\u0119cej<\/a><\/p>\n","protected":false},"author":1,"featured_media":37,"parent":0,"menu_order":0,"comment_status":"closed","ping_status":"closed","template":"","meta":{"footnotes":""},"class_list":["post-10","page","type-page","status-publish","has-post-thumbnail"],"_links":{"self":[{"href":"https:\/\/szachowewakacje.org\/index.php?rest_route=\/wp\/v2\/pages\/10","targetHints":{"allow":["GET"]}}],"collection":[{"href":"https:\/\/szachowewakacje.org\/index.php?rest_route=\/wp\/v2\/pages"}],"about":[{"href":"https:\/\/szachowewakacje.org\/index.php?rest_route=\/wp\/v2\/types\/page"}],"author":[{"embeddable":true,"href":"https:\/\/szachowewakacje.org\/index.php?rest_route=\/wp\/v2\/users\/1"}],"replies":[{"embeddable":true,"href":"https:\/\/szachowewakacje.org\/index.php?rest_route=%2Fwp%2Fv2%2Fcomments&post=10"}],"version-history":[{"count":6,"href":"https:\/\/szachowewakacje.org\/index.php?rest_route=\/wp\/v2\/pages\/10\/revisions"}],"predecessor-version":[{"id":43,"href":"https:\/\/szachowewakacje.org\/index.php?rest_route=\/wp\/v2\/pages\/10\/revisions\/43"}],"wp:featuredmedia":[{"embeddable":true,"href":"https:\/\/szachowewakacje.org\/index.php?rest_route=\/wp\/v2\/media\/37"}],"wp:attachment":[{"href":"https:\/\/szachowewakacje.org\/index.php?rest_route=%2Fwp%2Fv2%2Fmedia&parent=10"}],"curies":[{"name":"wp","href":"https:\/\/api.w.org\/{rel}","templated":true}]}}